 factors of q?
2, 17, 443
Let p = 2335 + 1291. List the prime factors of p.
2, 7, 37
Let f = 5416 + -1709. What are the prime factors of f?
11, 337
Let f(j) = -690*j + 74. Let y be f(-4). Let b = y + -1900. What are the prime factors of b?
2, 467
Let z(l) = -l**2 - 8*l + 6. Let x be z(-6). Let j be (-264)/2*5/(-15). Suppose 19*k - j = x*k. What are the prime factors of k?
2, 11
Let s = 22 - -112. Let c = 173 - s. What are the prime factors of c?
3, 13
Let m = 13418 - -1591. What are the prime factors of m?
3, 5003
Suppose -752 = -3*y - 4*u, 4*u = -2*y - 0*y + 500. Let m be (-2)/4 - y/(-56). Suppose 0 = -m*x + 194 + 382. List the prime factors of x.
2, 3
Suppose a = -2*w + 10, 3*w - 20 = 7*a - 11*a. Suppose 2*x - z - 288 = z, -8 = w*z. List the prime factors of x.
2, 71
Suppose -73*i + 141246 + 1294914 = 15*i. List the prime factors of i.
2, 3, 5, 17
Let p(z) = 651*z + 855. What are the prime factors of p(20)?
3, 5, 37
Let s = 573 - -13600. List the prime factors of s.
14173
What are the prime factors of (-14)/140 + (-3286089)/(-90)?
2, 7, 163
Let x be ((-2)/6)/((-9)/27). Suppose 5*a - 9 = x. Suppose -245 = -4*y + y + a*f, 4*y = 3*f + 328. What are the prime factors of y?
79
Let f(k) = -2*k**2 - 9*k + 10. Let y be f(1). What are the prime factors of 227 - y*(0 - 2)?
3, 5
Suppose 60*g + 24900 = 64*g. List the prime factors of g.
3, 5, 83
Let r be (45 + -3)*(-32)/12. Let n = -120 - r. What are the prime factors of (-168)/(-1) + n + 3?
163
Let a = 4503 + -6707. Let v = a + 3116. List the prime factors of v.
2, 3, 19
Suppose -34 = -4*i - 5*h - 0, -h = -i + 4. Let z(g) = 8*g**2 - 28*g - 10. What are the prime factors of z(i)?
2, 5, 11
Suppose 8*z = -9*z + 194015 + 112240. List the prime factors of z.
3, 5, 1201
Suppose 4*l + 1126 = y + 3*l, 3*y + 4*l = 3399. Let t = 1671 - y. What are the prime factors of t?
2, 271
Let r be (-23 - -7)/8 - -43. Suppose 4*p - 88 = 3*l, 5*l - 15 = -4*p + r. What are the prime factors of p?
19
Suppose -16*f = -14*f. Suppose 11*o + o - 972 = f. What are the prime factors of o?
3
Let n(i) be the second derivative of i**4/2 + 13*i**3/6 - 87*i**2/2 - 124*i. List the prime factors of n(-14).
907
Let t = 9972 - -2799. What are the prime factors of t?
3, 11, 43
Suppose 0 = -4*v - 182 + 6. Suppose 0 = 16*s - 22*s - 126. Let q = s - v. What are the prime factors of q?
23
Let k(y) = 6*y**3 + 17*y**2 + 167 - 5*y**3 - 15*y - 154. List the prime factors of k(-17).
2, 67
Suppose -b - 22 = -5*p, b = -4*p - 3*b + 8. Suppose 2*n - 90 = q, n - 47 = -q + p. Let z = n - -29. List the prime factors of z.
2, 19
Let q(h) be the first derivative of h**3/3 + 7*h**2/2 + 18*h + 2. Let l be q(-11). Let y = -32 + l. What are the prime factors of y?
2, 3, 5
Let b be (1/((-15)/410))/(2/3). Let h(s) = s**3 + 42*s**2 + 35*s + 140. List the prime factors of h(b).
2, 193
Let f be (6/(-9))/(6/9). Let m be 5 + (-3 - 3/f). List the prime factors of m/(-20) - (-1 + 317/(-4)).
2, 5
Let t = -1045 + 4467. List the prime factors of t.
2, 29, 59
Let l(m) = -4*m + 66. Let f be l(21). What are the prime factors of f + 356 - (0 - -4)?
2, 167
Let s = 585 + 1184. Suppose -s = -5*d - 24. What are the prime factors of d?
349
Suppose -93122 - 93694 = -8*u. Suppose -4*y = 17*y - u. What are the prime factors of y?
2, 139
Suppose 0 = -19*y + 15*y + 24. Let o be ((-12)/(-10))/((y/10)/(-3)). List the prime factors of 4/o + 456/9.
2, 5
Let q be (-92)/6*(-495)/6. Suppose 4*h - q = -3*w, -h - 1691 = -4*w - 2*h. Suppose -1171 + w = -11*a. What are the prime factors of a?
2, 17
Suppose -2700 = -49*v + 31*v. Suppose 0 = n - 3*n. Suppose n = 4*d - 2*d - m - 87, -3*d - 5*m = -v. List the prime factors of d.
3, 5
Suppose -41*v = -44*v + 18. Suppose -v*t = -23*t + 5355. List the prime factors of t.
3, 5, 7
Let m be -1 - (-2 - (1 + 1)). Let f be (24/9)/(2/m). Suppose -f*q - 155 = -3*u, -u + 85 = u + q. What are the prime factors of u?
3, 5
Suppose 20*w + 3362 = 28262. Suppose 4*o = -b + 617, -2*b + 3*o = -0*b - w. List the prime factors of b.
3, 23
Let m be 48/27 + -2 + 4650/27. Suppose 3*u - m = 23. Let l = 47 + u. List the prime factors of l.
2, 7
Let h = -299 + 298. What are the prime factors of ((-20)/5 + 1682/(-2))/h?
5, 13
Let i be 4 + (-12)/3 - (-610)/2. Let x = -256 + i. What are the prime factors of x?
7
Let n = 11987 + -4157. What are the prime factors of n?
2, 3, 5, 29
Let g(k) = 2197*k - 1676. List the prime factors of g(24).
2, 12763
Suppose -4*t - 49656 = -48*t + 20*t. List the prime factors of t.
2069
List the prime factors of 3864/(-16)*272/(-12).
2, 7, 17, 23
Suppose -y - 2*d + 227 = -1496, 0 = -5*y - 3*d + 8622. What are the prime factors of y?
3, 5, 23
Let c(f) be the first derivative of -29*f**2/2 - 16*f + 18. Let p be c(-9). Suppose p = 4*m - 83. List the prime factors of m.
2, 41
Suppose 5*q - 626 = 4*j + 965, 0 = 2*q + 4*j - 670. List the prime factors of q.
17, 19
Let k(g) = 131*g + 85. Suppose -4*a - 5*b + 4*b = -16, 0 = 2*a - 4*b + 10. What are the prime factors of k(a)?
2, 239
Let p = 30992 - 15883. What are the prime factors of p?
29, 521
Suppose 21*u - 175 = 140. Suppose 5*l = -u, 2*s + 996 = 5*s - 3*l. List the prime factors of s.
7, 47
Let q(f) = -43*f**3 + 6*f**2 + 9*f - 149. List the prime factors of q(-9).
11, 13, 17
Let m(y) = y**3 - 8*y**2 + 9*y - 3. Let n(o) = -4*o - 29. Let u be n(-9). Let g be m(u). List the prime factors of -1 + 1 + -1 - (-78 + g).
2, 3, 11
Let h be (-73)/(0 - 1) - 2. Suppose -62*q - 56 = q - 182. Suppose -o = -5*n - 116, -2*n = o + q*n - h. List the prime factors of o.
7, 13
Suppose -110*l + 82*l + 122864 = 0. Let j = l - 3037. What are the prime factors of j?
7, 193
Let m = -213 - -217. List the prime factors of (-3*(2 + -3))/(m/304).
2, 3, 19
Let r(q) = q**3 - 22*q**2 - 96*q + 1590. What are the prime factors of r(37)?
3, 41, 151
Let r = -13 - 306. Let j = r - -777. List the prime factors of j.
2, 229
Let o = 440 + 683. Let f = o + -665. What are the prime factors of f?
2, 229
Suppose 22*l - 17*l + g - 14671 = 0, 5*l - 14673 = -3*g. What are the prime factors of l?
2, 3, 163
Let y = -8 + 19. Let l = 13 - y. Suppose 2*o + 4 = 5*q - 54, -l*q + 2*o = -28. What are the prime factors of q?
2, 5
Suppose -13*f + 2*f = -44. What are the prime factors of ((-18)/(-2 + f))/(1/(-3))?
3
Suppose -1236 = -28*k + 24*k. Suppose -925 = -3*t - 5*d, -t + 5*d = 6*d - k. What are the prime factors of t?
2, 5, 31
Let m(h) = 36*h - 62. Let r be m(5). Let u = r - 77. List the prime factors of u.
41
Let o = -63 - -57. Let m(s) = s**3 + 7*s**2 + 4*s + 9. Let l be m(o). List the prime factors of l + (-1 - 0) + -3.
17
Suppose -55*m - 299*m = -11810807 + 334127. List the prime factors of m.
2, 5, 1621
List the prime factors of (-8)/((-144)/(-30)) + (-2572784)/(-48).
2, 3, 8933
Suppose 0*o - 2*o + 2 = 3*k, -2*k - 5 = -5*o. Suppose k = 5*f - 12845 + 1695. List the prime factors of -2*(f/4)/(-5).
223
Let n = -1265 + 4574. What are the prime factors of n?
3, 1103
Suppose -25*r + 92576 - 37301 = 0. List the prime factors of r.
3, 11, 67
Let l = -14 - -21. Suppose -2*w - l*w = 0. Suppose 126 + 317 = 4*f - 5*h, 5*f + 2*h - 562 = w. List the prime factors of f.
2, 7
Suppose 0*k = 5*k + 40. Let l be (-358)/k - 2/(-8). Suppose v = 18 + l. What are the prime factors of v?
3, 7
Suppose -35 = -2*s - 2*u + 5*u, -5*s + 70 = -4*u. Let l be 10438/(-10) + (-2)/s + 0. What are the prime factors of 1/((-10)/l) - 6/(-10)?
3, 5, 7
Let j = 546 + -546. Suppose -11 = -2*g - 5*v, -4*v + v - 3 = 0. Suppose 4*n - g*n + 108 = j. List the prime factors of n.
3
Let j(q) = 30*q**3 - 6*q**2 + 23*q + 6. What are the prime factors of j(8)?
2, 7583
Let t = 10157 - -9908. What are the prime factors of t?
5, 4013
Let x(l) = 26*l - 40. Let v be x(4). Suppose 12*c = -v + 9892. What are the prime factors of c?
3, 7, 13
Suppose 0 = 76018*i - 76024*i + 147360. What are the prime factors of i?
2, 5, 307
Let s(p) = -9*p**2 - 16*p - 1. Let u(f) = 3*f**2 + 5*f. Let t(z) = -4*s(z) - 11*u(z). Let c be 12/8*(-20)/(-6). What are the prime factors of t(c)?
2, 31
Let p(i) = 17*i**2 + i + 2. Let q(d) = d + 3. Let j be -4 + 5/((-15)/(-9)). Let f be q(j). What are the prime factors of p(f)?
2, 3
Let v be (10/(-4))/(11/(-924)). Suppose v = 6*r - 5*r - 3*s, 3*r - 612 = 3*s. List the prime factors of r.
3, 67